ime factors of 1196892392?
2, 31, 4826179
What are the prime factors of 28410692?
2, 1663, 4271
List the prime factors of 343807252.
2, 17, 661, 7649
What are the prime factors of 623727230?
2, 5, 7, 113, 78853
List the prime factors of 87899088.
2, 3, 101, 18131
What are the prime factors of 2297965314?
2, 3, 149, 2570431
What are the prime factors of 20847552?
2, 3, 11, 9871
What are the prime factors of 17711517?
3, 67, 88117
List the prime factors of 812588534.
2, 12197, 33311
What are the prime factors of 1522337387?
2131, 714377
List the prime factors of 23813472.
2, 3, 248057
List the prime factors of 45668124.
2, 3, 59, 2389
What are the prime factors of 41423443?
389, 106487
List the prime factors of 38714061.
3, 43, 300109
List the prime factors of 38401519.
13, 67, 44089
What are the prime factors of 263133628?
2, 59, 1114973
What are the prime factors of 269396805?
3, 5, 29, 619303
List the prime factors of 1436202645.
3, 5, 103, 929581
List the prime factors of 403874478.
2, 3, 7, 47, 127, 179
List the prime factors of 49453617.
3, 367, 44917
What are the prime factors of 194305131?
3, 21589459
List the prime factors of 3670012173.
3, 17, 71961023
List the prime factors of 613703894.
2, 23, 157, 84977
List the prime factors of 451926477.
3, 41, 547, 2239
What are the prime factors of 1846856799?
3, 7001, 29311
List the prime factors of 1308973331.
6397, 204623
What are the prime factors of 42186678?
2, 3, 7031113
List the prime factors of 143107577.
143107577
What are the prime factors of 3129362?
2, 641, 2441
What are the prime factors of 8272435752?
2, 3, 7, 16413563
List the prime factors of 3525515767.
17957, 196331
What are the prime factors of 3514753453?
3514753453
What are the prime factors of 758298257?
103, 907, 8117
List the prime factors of 6081825805.
5, 11, 19, 5819929
List the prime factors of 1750316936.
2, 19, 11515243
List the prime factors of 2773703455.
5, 31, 17894861
What are the prime factors of 1540645161?
3, 11, 31, 1506007
List the prime factors of 3423259757.
17, 201368221
List the prime factors of 1877540506.
2, 37, 2963, 8563
What are the prime factors of 85112082?
2, 3, 11, 409, 1051
What are the prime factors of 6533815812?
2, 3, 31, 17564021
What are the prime factors of 334083984?
2, 3, 13, 535391
What are the prime factors of 167607676?
2, 853, 49123
List the prime factors of 90462408.
2, 3, 251, 15017
List the prime factors of 366996126.
2, 3, 7, 509, 17167
What are the prime factors of 2714040540?
2, 3, 5, 5026001
List the prime factors of 1760164540.
2, 5, 88008227
List the prime factors of 241928752.
2, 13, 1163119
What are the prime factors of 3265299414?
2, 3, 13, 991, 14081
List the prime factors of 952539414.
2, 3, 158756569
List the prime factors of 6650591286.
2, 3, 29, 3923, 9743
List the prime factors of 5130602779.
5130602779
What are the prime factors of 7801187742?
2, 3, 487, 889937
List the prime factors of 333160247.
7, 37, 67, 73, 263
What are the prime factors of 83048356?
2, 20762089
List the prime factors of 136584990.
2, 3, 5, 1517611
List the prime factors of 5278353769.
13, 406027213
List the prime factors of 750179563.
7, 15309787
What are the prime factors of 252178235?
5, 229, 220243
What are the prime factors of 1135259511?
3, 103, 3673979
List the prime factors of 1163059400.
2, 5, 23, 10993
What are the prime factors of 1248108322?
2, 29, 617, 34877
List the prime factors of 81604697.
2053, 39749
What are the prime factors of 1817460694?
2, 7, 19, 6832559
List the prime factors of 75164157.
3, 17, 223, 2203
List the prime factors of 2454139220.
2, 5, 13, 59, 157, 1019
What are the prime factors of 87540965?
5, 2969, 5897
What are the prime factors of 634393075?
5, 47, 59, 9151
What are the prime factors of 324218167?
7, 13, 271, 13147
List the prime factors of 3150407110.
2, 5, 315040711
What are the prime factors of 210473264?
2, 67, 196337
List the prime factors of 1882144290.
2, 3, 5, 13, 17, 16699
What are the prime factors of 70101685?
5, 14020337
List the prime factors of 128633549.
11, 23, 508433
List the prime factors of 2837415921.
3, 3307, 286001
What are the prime factors of 139938611?
17, 8231683
What are the prime factors of 444795876?
2, 3, 7, 1765063
What are the prime factors of 193174172?
2, 131, 368653
List the prime factors of 158631054.
2, 3, 26438509
What are the prime factors of 2658618187?
19, 31, 4513783
What are the prime factors of 200722654?
2, 11, 131, 257, 271
What are the prime factors of 165713896?
2, 19, 23, 107, 443
What are the prime factors of 290905180?
2, 5, 107, 135937
What are the prime factors of 4128719913?
3, 61, 7520437
List the prime factors of 170744308.
2, 7, 6098011
What are the prime factors of 41561149?
7, 389, 15263
What are the prime factors of 216383526?
2, 3, 97, 123931
List the prime factors of 20864260.
2, 5, 1043213
What are the prime factors of 188112227?
61, 1597, 1931
List the prime factors of 129742686.
2, 3, 67, 107581
What are the prime factors of 543655737?
3, 60406193
What are the prime factors of 77741032?
2, 139, 69911
What are the prime factors of 419964072?
2, 3, 11, 179, 8887
What are the prime factors of 4794770758?
2, 2273, 1054723
What are the prime factors of 143201071?
13, 53, 307, 677
What are the prime factors of 1138435934?
2, 569217967
What are the prime factors of 5979750076?
2, 97, 15411727
List the prime factors of 1214119980.
2, 3, 5, 47, 143513
List the prime factors of 182825753.
11, 16620523
List the prime factors of 58236072.
2, 3, 41, 59183
What are the prime factors of 1003980918?
2, 3, 167330153
List the prime factors of 3227984626.
2, 1613992313
List the prime factors of 192306255.
3, 5, 1879, 6823
List the prime factors of 6897859168.
2, 14627, 14737
What are the prime factors of 742019897?
29, 1087, 23539
What are the prime factors of 2650424467?
1489, 1780003
What are the prime factors of 998791013?
11, 90799183
What are the prime factors of 122243530?
2, 5, 19, 173, 3719
What are the prime factors of 23276219?
37, 439, 1433
List the prime factors of 21108245.
5, 4221649
What are the prime factors of 6138014328?
2, 3, 2659, 10687
What are the prime factors of 1230144793?
71, 797, 21739
List the prime factors of 23122438.
2, 11561219
List the prime factors of 40494949.
11, 43, 181
List the prime factors of 653349407.
653349407
What are the prime factors of 28930460?
2, 5, 13, 111271
List the prime factors of 46185684.
2, 3, 53, 101, 719
List the prime factors of 133972095.
3, 5, 401, 22273
List the prime factors of 1178504631.
3, 7411, 17669
What are the prime factors of 293911702?
2, 7, 2999099
What are the prime factors of 823845537?
3, 107, 855499
What are the prime factors of 1700596501?
19, 1607, 55697
What are the prime factors of 53168893?
23, 73, 31667
What are the prime factors of 6925273?
17, 407369
What are the prime factors of 51768551?
3089, 16759
List the prime factors of 79939821.
3, 13, 19, 107881
List the prime factors of 3696703925.
5, 47, 3146131
List the prime factors of 1007149727.
1007149727
What are the prime factors of 6320566751?
2371, 2665781
List the prime factors of 79845857.
7, 13, 23, 38149
List the prime factors of 42659989.
3607, 11827
List the prime factors of 1506006366.
2, 3, 29, 1523, 5683
What are the prime factors of 1169395125?
3, 5, 3118387
List the prime factors of 154754048.
2, 79, 1913
List the prime factors of 154255725.
3, 5, 13, 17579
What are the prime factors of 1621029412?
2, 405257353
List the prime factors of 976522250.
2, 5, 11, 355099
What are the prime factors of 86830409?
337, 257657
List the prime factors of 109789439.
109789439
What are the prime factors of 87097404?
2, 3, 71, 151, 677
List the prime factors of 1839586041.
3, 204398449
List the prime factors of 3066596939.
7, 151, 414461
List the prime factors of 4676370343.
89, 1301, 40387
What are the prime factors of 1695517130?
2, 5, 3137, 54049
List the prime factors of 56418476.
2, 14104619
List the prime factors of 145890261.
3, 11, 491213
List the prime factors of 1658124638.
2, 1481, 559799
List the prime factors of 1531959293.
997, 1129, 1361
What are the prime factors of 11049377?
29, 41, 9293
List the prime factors of 4195902159.
3, 466211351
What are the